 of -2/3*w**3 + 4*w + 0 + 3*w**2. What is the tens digit of t(-3)?
1
Let n(z) = z**3 - 16*z**2 - 22*z + 44. What is the tens digit of n(19)?
0
Let h be -3 + 20/4 - 11. Let s = h - -25. Let m = 19 - s. What is the units digit of m?
3
Suppose 5*h - 6013 = 2*u, -6*u = 4*h - 5*u - 4800. What is the units digit of h?
1
Let z(s) = -s**3 - 9*s**2 + 9*s - 7. Let d be z(-10). Suppose -d*i - 2*c + 343 = 0, -2*i - 3*i + 2*c + 593 = 0. What is the hundreds digit of i?
1
What is the tens digit of (-1364)/(-2) - (0 + 0 + -2)?
8
Let a(z) = z**3 + 13*z**2 + 2*z + 2. What is the hundreds digit of a(-12)?
1
Let l = -15 - -17. Let f(a) = 32*a + 4. What is the tens digit of f(l)?
6
Let n = -266 - -406. What is the units digit of n?
0
Suppose 5*v = 2*v + 18. Let n be (v/4)/((-1)/2). What is the tens digit of ((-16)/n)/((-4)/(-30))?
4
Let k = 4 + 0. Suppose 0*p - 4*p - 5*o + 20 = 0, p = o + 14. What is the units digit of p*(0 + -3 + k)?
0
Let y be (-6)/(-5)*(-30)/(-12). Suppose -y*z = 50 - 383. What is the hundreds digit of z?
1
Let x = 36 - 43. Let q = x - 22. Let w = 32 + q. What is the units digit of w?
3
Let q(h) = 10*h - 40. What is the tens digit of q(35)?
1
Suppose 4*h + 4*u = 116, 0 = -5*h - u + 34 + 103. Suppose 34 + h = x. What is the units digit of x?
1
Suppose -p + 5*c = 3*c - 9, 0 = p + 3*c + 6. Suppose -46 = 5*v - 2*y, -2*v - 16 = -v + p*y. What is the units digit of 1188/(-60)*v/3?
6
What is the tens digit of (-18)/15*(8 - (-19472)/(-24))?
6
Suppose -3*q + 442 = -65. What is the tens digit of q?
6
Suppose 6*v = v + 5, 2*h - v = -829. Let g = h - -652. What is the tens digit of (1/2)/(7/g)?
1
Suppose -7*n + 10 = -2*n. Suppose -6*v + 4 = 3*j - v, n*j + 2 = -v. What is the tens digit of (-2*30)/j - 3?
2
Suppose 9*m + 1 - 1 = 0. Suppose -5*u = -m*u - 415. What is the tens digit of u?
8
Let b = 414 - 279. What is the units digit of b?
5
Let v(c) = 11*c + 4. What is the tens digit of v(12)?
3
Let j = 40 + 13. What is the units digit of j?
3
Let q(m) = 97*m**3 - 2*m**2 + 3*m - 1. What is the tens digit of q(1)?
9
Suppose l + 2*l = 2*p + 1322, 4*l - 1770 = -p. Suppose -82 + l = 3*d. What is the units digit of d?
0
Suppose 0 = 2*n - 4, -5*y - 13 = 2*n - 42. Let l = 99 + -93. Let z = l - y. What is the units digit of z?
1
Suppose 5*r + 4*u + u = 230, -5*u = -4*r + 220. What is the tens digit of (r/4 - -3)*(17 - -1)?
7
Let u(f) = 62*f**3 + 3*f**2 - 2*f - 2. Let l be u(2). Suppose l + 198 = 14*x. What is the units digit of x?
0
Suppose -2*h + 4*x - 592 = -7*h, 5*h - 568 = 4*x. Let a = -68 + h. What is the tens digit of a?
4
Suppose -2*q = -2*v + 10, 4*q + 2*v = -q - 11. Let x be 4 + (0/q - 1). Suppose y - x*y = -16. What is the units digit of y?
8
What is the units digit of 981 - 15/(30/(-4))?
3
What is the tens digit of (-4)/(-3) - (-70140)/126?
5
Let w be ((-10)/(-6) + 2)/(1/165). Suppose -8*f + w = -3*f. What is the hundreds digit of f?
1
Suppose -2*k - 20 = 2*k, -5*p - 2*k = -50. Suppose 3*n - p = -9. Suppose 0*u + u = n. What is the units digit of u?
1
Let c = 356 + -146. What is the units digit of c?
0
Suppose -4*t = 7*t - 4950. What is the tens digit of t?
5
Let q = 14 - 8. Let v = 8 - q. Suppose -3*f = -6*j + j + 1, v*f = -5*j + 16. What is the units digit of j?
2
Let u(y) = -y**3 + y + 6. Let b be u(0). Suppose -s - k + b*k - 44 = 0, s = k - 32. Let h = 90 + s. What is the units digit of h?
1
Let x(h) = h**3 - h**2 - 3. Let y be x(3). Suppose 5*m = -y, 0 = -a + 2*a - 2*m - 33. What is the units digit of a?
7
Let d(a) = -2*a**3 - 43*a**2 - 18*a - 2. What is the hundreds digit of d(-22)?
8
Let d be (-8)/(-44) + (3008/22)/(-4). Let w = 48 - d. What is the tens digit of w?
8
Let u be 8/((6 - 2)/2). Suppose 0 = u*g + 2*g. Suppose 7*w + 52 - 157 = g. What is the units digit of w?
5
Suppose 5*y - 2*g = 31, 4*y = -4*g - 5 + 13. Suppose -2*l + 20 = 2*l, y*s - 220 = 5*l. What is the units digit of s?
9
Let p(o) = 3*o**3 - 13*o**2 + 8*o + 18. What is the hundreds digit of p(11)?
5
Let y = 114 - 8. What is the tens digit of y?
0
Let q(f) = -11*f - 13. Let r be q(-18). Suppose -3*a + 166 + r = 0. What is the hundreds digit of a?
1
Suppose -5*b - 44 = -b. Let j = -10 - b. Let f(k) = 33*k + 2. What is the units digit of f(j)?
5
Suppose 5*s - 583 = 2*s - 4*b, 0 = -3*s + 4*b + 623. What is the hundreds digit of s?
2
Suppose 0*f - 3*f - 12 = 0, -2*f = -2*m + 1358. What is the hundreds digit of m?
6
Let t = -363 + 758. What is the tens digit of t?
9
Let o(b) be the first derivative of 3*b**4/4 + b**3 + b**2 + 6*b - 25. What is the units digit of o(3)?
0
Suppose -2146 = -a + 2*x, 5*a - 26*x - 10709 = -23*x. What is the tens digit of a?
4
Let k = -39 - 25. Let z = k - -207. What is the hundreds digit of z?
1
Suppose 3*f + 0 + 6 = 0. Let j(q) be the third derivative of -q**4/6 - q**3/6 + 2*q**2. What is the units digit of j(f)?
7
Let j = 14669 - 9650. What is the units digit of j?
9
Suppose 6*l + 3*y = 6063, -4*l + 3*y = 2*y - 4027. What is the thousands digit of l?
1
Let d(g) = 14*g + 1. Let f(y) = y - 2. Let j be f(4). Let s be d(j). Let k = -6 + s. What is the units digit of k?
3
Let c(w) = 5*w**3 + 3*w**2 - 4*w. Let n be c(3). Suppose -4*t + n = -602. What is the hundreds digit of t?
1
Let r(j) = -10*j + 27. Let w(p) = -30*p + 82. Let m(f) = 16*r(f) - 5*w(f). What is the units digit of m(-15)?
2
Suppose 3*q - 3*n - 90 = 0, 0 = -3*n + 2*n - 5. Let v = q + 33. What is the units digit of v?
8
Let o be (-10 - -12)*(-6)/(-4). Suppose 2*l = h + 4 + 36, -l = o*h + 127. What is the units digit of 3/((-177)/h + -4)?
4
Let b(p) = 16*p + 51. What is the hundreds digit of b(22)?
4
Let z(c) = -c - 1. Let t be z(0). Let h be t/2 - (-44)/8. Suppose -h*f + 32 = -28. What is the tens digit of f?
1
Suppose 4*w - 4*j - 4068 = 0, 3*j - 1090 = -w - 89. What is the tens digit of w?
1
Suppose -6012 = 695*o - 698*o. What is the hundreds digit of o?
0
Suppose 0 = -12*x + 5193 + 6267. What is the units digit of x?
5
Suppose 6359 + 12971 = 10*a. What is the tens digit of a?
3
Let a(w) = 10*w**3 + 2*w**2 + 5*w + 2. Let k(l) = -11*l**3 - 3*l**2 - 5*l - 3. Let d(o) = 6*a(o) + 5*k(o). What is the tens digit of d(3)?
2
Let w(f) = f**3 - 2*f**2 + f. Let y be w(1). Suppose 3*q = -y - 3. What is the units digit of (q - -50) + 60/(-20)?
6
Let p = -522 + 802. Suppose -4*h - 10*h + p = 0. What is the units digit of h?
0
Let v = 23 + 28. What is the units digit of v?
1
Suppose -2*w - 4 = 4*o, 3*o - 6*o = 12. Let y be w*8/(-12)*-2. Suppose -v + 2*v - y = 0. What is the units digit of v?
8
What is the tens digit of 3 + (-7 - -531) + 1?
2
Suppose 4*w + 3492 = 4*d, 2*w - 4357 + 889 = -4*d. What is the tens digit of d?
6
Let k be -4 - (-1 - 1) - -11. Suppose 3*c + 318 = k*c. What is the units digit of c?
3
Suppose -3*d + 15 = 0, -4*z - 4*d - 40 = -9*z. What is the hundreds digit of (-1696)/z*(-18)/12?
2
Let n(y) = y**2 + 23*y - 104. Let q be n(-27). Let v(r) = r + 7. Let f be v(-5). Suppose 0 = 3*m + f*j + 7 - 27, 0 = 4*m - q*j. What is the units digit of m?
4
Let k be (8 - 6)*(-179)/(-2). Let y = -120 + k. What is the units digit of y?
9
Suppose 11*y - 8*y + 213 = 0. What is the units digit of (2/2)/((2 + -3)/y)?
1
Let q(z) = -3*z**2 + 1 - 7*z**3 + 6*z**3 + 38*z - 40*z. What is the units digit of q(-4)?
5
Let y(a) = -a**3 - 4*a**2 + 5*a - 2. Suppose -3*t + 23 = -37. Let i = t + -26. What is the units digit of y(i)?
0
Let n(t) = t**3 + 3*t**2 - 3*t - 4. Let o be n(-3). Suppose 4*v + 73 = -o*r - 72, -v = -5*r - 145. Let l = r + 41. What is the units digit of l?
2
Suppose 9 = 3*k + 3*h - 45, 0 = 4*h + 20. Let y = 40 - k. What is the tens digit of (-9)/3 + (y - -5)?
1
Let k = -931 + 1858. What is the hundreds digit of k?
9
Suppose -i = -0*i, -5*d = -3*i - 35. Let v(f) = 2*f**2 - 9*f - 2. Let k be v(d). Suppose g = 3*r - 93, -r - 2*g + 3*g = -k. What is the units digit of r?
0
Let u(o) = -o**3 + 14*o - 49*o + 9*o - 20*o**2 + 21. What is the tens digit of u(-19)?
5
Let k(w) be the third derivative of -1/6*w**3 + 0*w + 1/20*w**5 + 2*w**2 + 0 + 1/12*w**4. What is the units digit of k(1)?
4
Let f(x) = 5*x**2 - 2*x**2 + 14 - 3 + 2*x - x**3. What is the units digit of f(4)?
3
Let p(x) = x**3 - 9*x**2 + 12*x - 1. Let z be (-1)/((-2)/8*(-8)/(-18)). What is the tens digit of p(z)?
0
Suppose -22290 = 626*d - 631*d. What is